{"id":691,"date":"2025-07-15T13:02:49","date_gmt":"2025-07-15T11:02:49","guid":{"rendered":"https:\/\/unidadaudiovisual.umh.es\/?page_id=691"},"modified":"2025-07-15T13:03:12","modified_gmt":"2025-07-15T11:03:12","slug":"video-1-ano-en-imagenes","status":"publish","type":"page","link":"https:\/\/unidadaudiovisual.umh.es\/ca\/video-1-ano-en-imagenes\/","title":{"rendered":"<span lang=\"es\">(Espa\u00f1ol) 1 A\u00d1O EN IM\u00c1GENES<\/span>"},"content":{"rendered":"<p class=\"qtranxs-available-languages-message qtranxs-available-languages-message-ca\">Ho sentim, aquesta entrada es troba disponible \u00fanicament en <a href=\"https:\/\/unidadaudiovisual.umh.es\/es\/wp-json\/wp\/v2\/pages\/691\" class=\"qtranxs-available-language-link qtranxs-available-language-link-es\" title=\"Espa\u00f1ol\">Espanyol Europeu<\/a>.<\/p>","protected":false},"excerpt":{"rendered":"<p>Ho sentim, aquesta entrada es troba disponible \u00fanicament en Espanyol Europeu.<\/p>\n","protected":false},"author":3226,"featured_media":0,"parent":0,"menu_order":2,"comment_status":"closed","ping_status":"closed","template":"","meta":{"ngg_post_thumbnail":0,"_links_to":"","_links_to_target":""},"_links":{"self":[{"href":"https:\/\/unidadaudiovisual.umh.es\/ca\/wp-json\/wp\/v2\/pages\/691"}],"collection":[{"href":"https:\/\/unidadaudiovisual.umh.es\/ca\/wp-json\/wp\/v2\/pages"}],"about":[{"href":"https:\/\/unidadaudiovisual.umh.es\/ca\/wp-json\/wp\/v2\/types\/page"}],"author":[{"embeddable":true,"href":"https:\/\/unidadaudiovisual.umh.es\/ca\/wp-json\/wp\/v2\/users\/3226"}],"replies":[{"embeddable":true,"href":"https:\/\/unidadaudiovisual.umh.es\/ca\/wp-json\/wp\/v2\/comments?post=691"}],"version-history":[{"count":0,"href":"https:\/\/unidadaudiovisual.umh.es\/ca\/wp-json\/wp\/v2\/pages\/691\/revisions"}],"wp:attachment":[{"href":"https:\/\/unidadaudiovisual.umh.es\/ca\/wp-json\/wp\/v2\/media?parent=691"}],"curies":[{"name":"wp","href":"https:\/\/api.w.org\/{rel}","templated":true}]}}

<span lang="es">(Español) 1 AÑO EN IMÁGENES</span>

<p class="qtranxs-available-languages-message qtranxs-available-languages-message-ca">Ho sentim, aquesta entrada es troba disponible únicament en <a href="https://unidadaudiovisual.umh.es/es/wp-json/wp/v2/pages/691" class="qtranxs-available-language-link qtranxs-available-language-link-es" title="Español">Espanyol Europeu</a>.</p>

<p>Ho sentim, aquesta entrada es troba disponible únicament en Espanyol Europeu.</p>
